 - -99. Is p composite?
False
Let m(w) = 29*w**2 + 6*w + 15. Is m(-8) composite?
False
Let n be ((-3)/6)/((-5)/100). Let j = 13 - n. Suppose 7*k + a = j*k + 41, k = -2*a + 5. Is k composite?
False
Let u = -808 - -1295. Is u a prime number?
True
Let d(g) = -3*g**3 - 5*g**2 - 5*g - 11. Let c be d(-8). Suppose -c - 1035 = -4*s. Let p = -175 + s. Is p composite?
True
Let g = 19984 - 8261. Is g prime?
False
Suppose 0 = 4*h + 4, -3*p + 24 + 7 = 5*h. Suppose g = -4*n - 14, -2*g - n = 3*n + p. Suppose 0 = -g*z + 59 + 59. Is z prime?
True
Suppose -3*l + 5*b = -17, -25 - 51 = -4*l - 4*b. Is (-43)/(-2) + 21/l composite?
False
Is (-5596)/(-8)*-30*14/(-42) composite?
True
Let b = 26823 + -18566. Is b composite?
True
Is (0 + 1/1)/((-1)/(-919)) a prime number?
True
Let s(j) be the third derivative of 161*j**4/8 - 2*j**3/3 + 3*j**2. Is s(1) composite?
False
Is (84852/8 - 3)/((-24)/(-16)) a composite number?
False
Let k be (0/1)/(-7 + 5). Suppose k = 2*g + 2*g + 4*i - 1220, -3*i + 1222 = 4*g. Is g a prime number?
True
Let l be (-3)/(-4) - (-102)/24. Suppose -3*i - 460 = -l*m, -105 = -0*m - m - 2*i. Is m a composite number?
True
Suppose 4*j = 16 + 40. Suppose 9*t + 5695 = j*t. Is t a prime number?
False
Let l be (-9)/12 + (-6)/(-8). Suppose 0*z + 2*z + j = -1156, l = 4*z - j + 2306. Let y = z + 1134. Is y composite?
False
Let l be (-12)/1*7/(-14)*4. Is (l/(-2))/(-4) - (-2 + -4172) prime?
True
Suppose 5*v + 12 = 3*d - 472, 5*v = d - 148. Suppose i = -i + 1174. Let s = i - d. Is s composite?
False
Let u(f) = f**2 - 13*f + 8. Let a be u(12). Let z be 105/14 + (-2)/a. Is 2/z - 14830/(-40) prime?
False
Suppose -4*a - 2*d + 18 = 0, -8*a + 5*a = 2*d - 15. Is (1 - a)*907/(-2) prime?
True
Suppose 60*h = 57*h + 5793. Is h prime?
True
Suppose -9 = -5*d + 3*y, 3*d - 15 = d + 5*y. Suppose d = -5*w + 2*p + 25, 2*p + 4 - 9 = -w. Suppose -2*s + 1431 = w*g - 6*s, 3*s = 3. Is g a composite number?
True
Let q = 118 - 137. Is (q/(-38))/(1/758) a prime number?
True
Let a = -21559 + 32112. Is a composite?
True
Let f(o) = o + 6. Let x be f(-4). Suppose 0 = -l + 2*s + 111, 2*l - x*s - 221 = s. Is l a prime number?
True
Suppose 4*x - 23 = -87. Let y = x - -16. Suppose v - 2*f = y, -v + 0 = f - 9. Is v a composite number?
True
Suppose 2*u + 0*u - 10 = 0. Suppose 2*v + 2*d + 10 = 0, -v - u*d = 2*v + 9. Let f(q) = 6*q**2 - 5. Is f(v) composite?
False
Suppose 5*a - w = 6270, -w - 2505 = -9*a + 7*a. Is a a composite number?
True
Suppose 5*q - 5*h + 3*h = 129329, 5*q + h - 129338 = 0. Is q composite?
False
Suppose -5*g - 5*h = -2*h - 1048, h - 1046 = -5*g. Let z = g + -88. Is z a composite number?
True
Let f = -30 - -50. Is (-1)/((f/(-628))/5) prime?
True
Let q(n) = -3*n**3 + 4*n**2 - 2*n - 2. Let r be q(-2). Is 294 - ((-28)/r)/((-4)/(-6)) a prime number?
False
Let x(s) = -s**2 + 3*s + 2. Let c be x(0). Is c/(-4)*(-4347 - 1) a prime number?
False
Let i = -11237 - -17218. Is i prime?
True
Let k(g) = 6*g - 15. Let s be k(4). Suppose -s*r + 895 = -1382. Is r prime?
False
Let k(s) = -1. Let q(x) be the third derivative of -31*x**4/8 + x**3/3 - 11*x**2. Let w(b) = -6*k(b) - q(b). Is w(7) a composite number?
True
Let u be (-1 - (7/(-2) + 2))*-818. Suppose -4*a - 31 = -5*d - 3*a, 2*a + 2 = 0. Let n = d - u. Is n a composite number?
True
Is (-88904*(-16)/320)/(2/5) a prime number?
True
Let g(t) = 27*t**2 + 5*t + 5. Let c = -163 + 158. Is g(c) prime?
False
Let q(n) = -442*n + 1. Let f(y) = -y**2 + 6*y + 8. Let o be f(7). Let w be q(o). Let d = 778 + w. Is d a prime number?
True
Let v(w) = -w**2 + 8*w + 3. Let t be v(9). Let c = 105 + -186. Is (34/t)/(9/c) a prime number?
False
Suppose 5*q = 2 + 28. Suppose 0 = q*g + 4*g - 24130. Is g prime?
False
Suppose 0*j - 2*j + 4 = 0. Let w be ((-24)/(-32))/(j/8). Suppose 0 = 3*o + l - 317, -w*l = 3*o + 136 - 451. Is o prime?
False
Let h = -10 - -14. Is (-8)/h*1 - -99 prime?
True
Suppose -27*t - 13128 = -31*t + 4*d, -5*d + 13173 = 4*t. Is t prime?
False
Let w(s) = -157*s - 5. Suppose h + 3*j + 4 = 3, 2*j - 10 = 2*h. Is w(h) composite?
True
Suppose 8821 = i - 2*n, -i - i = -3*n - 17641. Is i composite?
False
Suppose 2*u - 3*k - 2926 = 2119, 2522 = u - k. Is u prime?
True
Let r(c) = -9*c**3 - 4*c**2 - 2*c - 6. Is r(-4) prime?
False
Let a be (-4)/(-4 - 0)*-16. Is (-247)/(-8) - 2/a composite?
False
Let b be 161/35 - 6/10. Suppose 429 = m - 3*r, -5*r - b = -14. Suppose 2*g - 290 = 4*h, 4*g - g - m = -2*h. Is g prime?
False
Let f = 1 - -14. Suppose k + g - 4*g = 15, -3*g - f = 0. Suppose k = 4*z - 0*z - 452. Is z composite?
False
Let c(m) = -22*m**3 - m**2 - 5*m + 3. Let t be c(3). Let l = t + 1165. Let o = -337 + l. Is o prime?
False
Is 20/(-4) + (2107 - (-2 - -1)) a composite number?
True
Let i(y) = -y**3 - 10*y**2 - 11*y + 11. Let g be i(-9). Let b = 420 + g. Is b a prime number?
True
Suppose -11*x + 49581 = 10*x. Is x composite?
True
Let s = -18 + 21. Suppose 0 = 5*k - 4*b - 165, 0*b + 66 = 2*k - s*b. Is k composite?
True
Suppose -49*j = -24*j - 19925. Is j composite?
False
Let v(g) = 19011*g - 5. Let q be v(4). Suppose -8914 = -11*m + q. Is m prime?
True
Suppose 0*a + 6*a = 6. Let g(u) = u. Let s(b) = 44*b - 1. Let c(r) = -5*g(r) + s(r). Is c(a) prime?
False
Let n be (-2)/(-2 + 80/38). Let l = -15 - n. Is 451/l + 2/8 composite?
False
Let n(t) = 7*t**3 - 2*t**2 + 4*t - 6. Let b be n(3). Suppose -5*a = -1207 + b. Suppose -4*o = 4*q - 784, 4*o + 3*q = 3*o + a. Is o a prime number?
True
Let m be ((-112)/(-32))/(1/(-2)). Let l(w) = w**3 + 7*w**2 - w - 4. Let u be l(m). Suppose -57 = -4*v + u*v. Is v composite?
True
Let a = 28197 + -17182. Is a composite?
True
Suppose -3*v - 8*w + 3 = -5*w, 2*w + 13 = 3*v. Let t be 2 - 81*v - -3. Let i = t - -396. Is i composite?
True
Suppose 2*u - 389 = -z, 0 = u + 4*z - 8*z - 190. Is u a prime number?
False
Let a = -10 + 13. Let l(s) = -13*s**2 - 8*s**3 + 8*s**a + 8*s - s**3 - 9. Is l(-16) a prime number?
True
Let v(d) = -2 + 1 + 63*d - 7. Is v(5) composite?
False
Suppose 7*t = -161 - 231. Is ((-259)/t*4)/(1/2) composite?
False
Let k = 45003 - -542. Is k prime?
False
Is (-67174)/(-10) - (5 - 56/10) composite?
True
Let a(k) = -40*k + 99. Let z be a(6). Let y = 208 + -600. Let r = z - y. Is r a prime number?
True
Let o = 16408 - 7805. Is o composite?
True
Let h = 163 + -57. Let g = h - -97. Is g prime?
False
Let t = 42777 - 25486. Is t a prime number?
True
Let u(m) = 10536*m + 89. Is u(8) prime?
True
Let v = 4 - 8. Let j(f) be the third derivative of -f**4/2 + 5*f**3/6 - 4*f**2. Is j(v) composite?
False
Suppose u + 5*c - 26046 = 0, 5*u - 11064 = 2*c + 119139. Is u a prime number?
True
Let h(o) = 844*o - 99. Is h(43) a composite number?
True
Let s = -50897 + 71890. Is s composite?
True
Suppose 5*k - 26515 = -3*m, -15909 = -3*k + 20*m - 24*m. Is k a prime number?
True
Suppose -4*u + 2416 = -l, 0 + 8 = 2*l. Suppose -2*g + 13 = -u. Is g a composite number?
True
Suppose 0*h - 3333 = 2*h + l, -2 = 2*l. Let g = 3147 + h. Is g a composite number?
False
Suppose 10*t - 5*w = 5*t + 28510, 0 = -5*t - 5*w + 28560. Is t composite?
True
Let y(i) = 405*i**2 - 3*i + 1. Let d(b) = -3*b**2 - 11*b + 3. Let g be d(-4). Is y(g) a composite number?
False
Let a(w) = 75*w - 10. Let v be (-2)/4*-1*-2. Let n be (3/9)/(v/(-15)). Is a(n) composite?
True
Let z(s) = 3*s + 909. Let a(f) = 3*f + 910. Let l(c) = -2*a(c) + 3*z(c). Suppose -10 + 0 = -2*n - 2*b, -2*n - 25 = -5*b. Is l(n) a prime number?
True
Let u(y) = 133*y + 4. Let x(r) = 132*r + 4. Let i(v) = -5*u(v) + 6*x(v). Let d be i(2). Suppose -2*w = 3*p - 451, 0*p + 5*p + d = w. Is w a prime number?
True
Suppose x + 4*x + 40 = 0. Let k(z) = 2*z**2 - 8*z - 1. Let n(v) = -4*v**2 + 16*v + 2. Let b(m) = 5*k(m) + 2*n(m). Is b(x) a composite number?
False
Suppose -5*x = 5, 2*x = -4*b + 3*b + 5254. Suppose b - 291 = 5*m. Is m a prime number?
False
Suppose 3*v + 0*v + 4617 = 0. Let s = -790 - v. Is s a prime number?
False
Suppose -q + 192 - 32 = 0. Let w = 133 + q. Is w a composite number?
False
Let f be 126 - (-1)/(-2)*-6. Let b = -92 + f. Is b composite?
False
Suppose 0 = -5*p - i + 16, -4*p + 19 = p + 4*i. Suppose 0 = j + 4*w + 333, -5*j + p*w - 1686 = 2*w. Let b = j + 604. Is b a prime number?
False
Let m(x) be the first derivative of 19*x**2 + 6*x + 13. Let w be m(3). Let k = w - 35. Is k a composite number?
T